100111?
1100100020
In base 12, what is 22438 + -5?
22433
In base 6, what is -15 - -12104?
12045
In base 15, what is 12 + 21d2d?
21d40
In base 6, what is -53 + -315012?
-315105
In base 12, what is 104984 - -3?
104987
In base 15, what is -146e + e3?
-137b
In base 12, what is 652200 - 3?
6521b9
In base 15, what is -129e1 - 13?
-12a04
In base 8, what is 1521 + -734?
565
In base 6, what is 12 + -10331003?
-10330551
In base 6, what is 24014035 + 2?
24014041
In base 13, what is -4 + 75a49?
75a45
In base 15, what is -5 + d7?
d2
In base 16, what is 81 - -4268?
42e9
In base 14, what is 0 - -286?
286
In base 2, what is 100010 - 110011101?
-101111011
In base 11, what is -7 - 603?
-60a
In base 10, what is -40166 + -2?
-40168
In base 9, what is 2071 - -71?
2152
In base 5, what is -40004 - -131?
-34323
In base 14, what is 5 - -9702?
9707
In base 6, what is -121304 + 14?
-121250
In base 5, what is 10 + -142044?
-142034
In base 13, what is 3224c + -5?
32247
In base 6, what is -4 - -52120?
52112
In base 13, what is -2a - 17133?
-17160
In base 11, what is 1715 + -128?
1598
In base 3, what is -120112 + -20?
-120202
In base 13, what is -300 - -ab?
-222
In base 12, what is 21 + -92?
-71
In base 5, what is 2242300 + 10?
2242310
In base 11, what is -216136 + 1?
-216135
In base 6, what is -313 - -241533?
241220
In base 8, what is -4464 - 300?
-4764
In base 15, what is -9c - -c39?
b8c
In base 9, what is -368 - 27278?
-27657
In base 5, what is -3 - 4011?
-4014
In base 6, what is 11344334 + 5?
11344343
In base 3, what is 10012 - -1011001?
1021020
In base 13, what is 2ca - 1c1?
109
In base 9, what is -333 + 118?
-214
In base 16, what is 19336 - -1?
19337
In base 5, what is -3 - 432224?
-432232
In base 11, what is 5 + 187767?
187771
In base 7, what is 14164 - -42?
14236
In base 2, what is 0 + -11110011100111001111?
-11110011100111001111
In base 14, what is -2 + -c571?
-c573
In base 14, what is -2 - 46522?
-46524
In base 6, what is -5213 - -22?
-5151
In base 15, what is -10e + 6ed?
5de
In base 15, what is 12 + 24874?
24886
In base 16, what is 3 - -1546?
1549
In base 9, what is 43310 - -24?
43334
In base 9, what is 5 - 184747?
-184742
In base 3, what is 0 - -10000021022?
10000021022
In base 7, what is 446662 - 60?
446602
In base 10, what is -13 + -235887?
-235900
In base 13, what is 1a + 50b?
528
In base 3, what is 2 - 221022110?
-221022101
In base 16, what is 6e35c + -5?
6e357
In base 15, what is 2 + 16d6d?
16d70
In base 14, what is 97a1 + 26?
97c7
In base 9, what is -1785 + -47?
-1843
In base 6, what is 5 + -3121352?
-3121343
In base 15, what is -7 - 4bb7?
-4bbe
In base 16, what is -9 + 5f85?
5f7c
In base 6, what is 55424 - 31?
55353
In base 2, what is -10 + -10101001011110?
-10101001100000
In base 6, what is 451030 - 5?
451021
In base 15, what is 11e12 + 1?
11e13
In base 6, what is -143 - 15541?
-20124
In base 3, what is -221210000 + 11211?
-221121012
In base 11, what is -1967a - a?
-19689
In base 14, what is 18584a - -1?
18584b
In base 5, what is 40220 + 101?
40321
In base 4, what is 211 - 330103?
-323232
In base 10, what is -1633 + -4?
-1637
In base 16, what is -2e4e0 - -4?
-2e4dc
In base 14, what is 91 + 214?
2a5
In base 16, what is 3 - d86ae?
-d86ab
In base 4, what is -10232231 - 2132?
-10301023
In base 5, what is -302403231 + -4?
-302403240
In base 16, what is -3 + 16d39?
16d36
In base 5, what is -3 - 4232134?
-4232142
In base 11, what is -a2 - 22?
-114
In base 13, what is -4b + -aa?
-128
In base 11, what is -5 + -7011?
-7016
In base 12, what is -3 + -b49?
-b50
In base 4, what is 3312232 - -1312?
3320210
In base 11, what is -10 + 133378?
133368
In base 13, what is 0 + -258?
-258
In base 8, what is -12 + 23224?
23212
In base 6, what is -5 - 134444?
-134453
In base 13, what is 4 - -134203?
134207
In base 2, what is -111100110011001 + -1?
-111100110011010
In base 12, what is 599a - -28?
5a06
In base 5, what is 10 + 1404?
1414
In base 3, what is -202201 - 21212?
-1001120
In base 2, what is -1 - -1110110100100111?
1110110100100110
In base 15, what is 30d5 + 9?
30de
In base 16, what is 25 - 277a2?
-2777d
In base 16, what is -6218 + 21?
-61f7
In base 2, what is -10001111100100001 - -1?
-10001111100100000
In base 11, what is -1a798 + 2?
-1a796
In base 9, what is 3 + 76528?
76532
In base 5, what is -1 + 12302404?
12302403
In base 5, what is 20203032 - -10?
20203042
In base 4, what is 132 - -11310021?
11310213
In base 13, what is -8 + 1b2c5?
1b2ba
In base 10, what is -1256 - -134?
-1122
In base 5, what is -3 + 114403?
114400
In base 5, what is 40 - -11230123?
11230213
In base 2, what is -1101110101 + 100100010?
-1001010011
In base 13, what is 11 + -5621?
-5610
In base 6, what is 0 - -15100332?
15100332
In base 16, what is 0 - 106b6f?
-106b6f
In base 10, what is 1268245 + 2?
1268247
In base 3, what is 2 - 11021112022?
-11021112020
In base 5, what is -11422022 + 0?
-11422022
In base 11, what is -5294 + -9?
-52a2
In base 16, what is -1 - 1197?
-1198
In base 10, what is -5 + -3098?
-3103
In base 5, what is 2113000 - 4?
2112441
In base 14, what is -694 - -119?
-579
In base 12, what is 9a7624 + -2?
9a7622
In base 7, what is -3603136 - -2?
-3603134
In base 13, what is 4 - -52b1?
52b5
In base 12, what is 1135953 - -5?
1135958
In base 14, what is -97b12 + d?
-97b03
In base 8, what is -14 - 62615?
-62631
In base 4, what is -100232222 - -231?
-100231331
In base 6, what is 2444141 + -1?
2444140
In base 7, what is -4 + 406321?
406314
In base 2, what is -110010 - 1011100000011?
-1011100110101
In base 10, what is 625732 + 1?
625733
In base 12, what is 4 - -1263a1?
1263a5
In base 13, what is 30031 + 5?
30036
In base 16, what is -5 - -2c68?
2c63
In base 14, what is -16472 + 6?
-1646a
In base 16, what is 12 - -2ee7?
2ef9
In base 10, what is 224586 - 0?
224586
In base 9, what is 21 + 550088?
550120
In base 15, what is -9ebba + -4?
-9ebbe
In base 11, what is 2 + -294668?
-294666
In base 15, what is 4 + 67128?
6712c
In base 13, what is 2346a + -4?
23466
In base 11, what is -50 - 93133?
-93183
In base 7, what is -2 - -65433?
65431
In base 16, what is -6ac - -8?
-6a4
In base 5, what is -10 - 12140?
-12200
In base 12, what is 3 + -5b494?
-5b491
In base 15, what is 8d8 + 10e?
9e7
In base 7, what is 5006236 - 0?
5006236
In base 12, what is 15 - 47206?
-471b1
In base 13, what is 395c + 1c?
397b
In base 4, what is -33 - -113130313?
113130220
In base 10, what is -26 + 40148?
40122
In base 15, what is -42c5 - 5?
-42ca
In base 16, what is 1ff - 440?
-241
In base 14, what is -194 - b0c?
-ca2
In base 6, what is 33 + -14403?
-14330
In base 14, what is 871 + -b?
864
In base 9, what is -88537 + -43?
-88581
In base 2, what is -11000101 + 11000111110?
10101111001
In base 2, what is 100001011000 + 100100011?
100101111011
In base 9, what is 42 - 12486?
-12444
In base 14, what is 7c5d - -5?
7c64
In base 13, what is ca - 157?
-5a
In base 3, what is -1202 - 211111?
-220020
In base 11, what is 13111 + -6?
13106
In base 15, what is 31 + 52?
83
In base 3, what is -210020221 - -1212?
-210012002
In base 7, what is 160 - -2066?
2256
In base 6, what is -20433345 - -11?
-20433334
In base 14, what is 9a91 - 3?
9a8c
In base 3, what is 2 - 20211112121?
-20211112112
In base 13, what is 1c17c - 4?
1c178
In base 13, what is -2 + 4618?
4616
In base 14, what is -3c3 + -b?
-3d0
In base 14, what is d6 - -137?
22d
In base 4, what is -222 - -111010001?
111003113
In base 12, what is 5 + 4719?
4722
In base 5, what is 134314032 + -4?
134314023
In base 14, what is -17b6 + 14?
-17a2
In base 7, what is 1 + -4134102?
-4134101
In base 13, what is -18 + -224c?
-2267
In base 15, what is 17 + -27b?
-264
In base 16, what is 3 - -285d4?
285d7
In base 8, what is -1 - 170065?
-170066
In base 13, what is 24319 - -2?
2431b
In base 3, what is 2010012211 + 101?
2010020012
In base 9, what is 6 - -643803?
643810
In base 6, what is -301 - -3341?
3040
In base 11, what is 120433 + -3?
120430
In base 7, what is 24 + -334550?
-334523
In base 5, what is -14324023 + -4?
-14324032
In base 5, what is 31132 - 211?
30421
In base 4, what is -13 + 13012?
12333
In base 6, what is -342035 + -4?
-342043
In base 8, what is -3252 + 4?
-3246
In base 16, what is 3cc - 439?
-6d
In base 8, what is -2 + 345?
343
In base 14, what is -1b347 + 5?
-1b342
In base 10, what is 313 - 